NOAA Reports/Αναφορές NOAA

Select a Year or Month report
2022 > Jan Feb Mar Apr May Jun Jul Aug Sep Oct Nov Dec
2021 > Jan Feb Mar Apr May Jun Jul Aug Sep Oct Nov Dec
2020 > Jan Feb Mar Apr May Jun Jul Aug Sep Oct Nov Dec
2019 > Jan Feb Mar Apr May Jun Jul Aug Sep Oct Nov Dec
2018 > Jan Feb Mar Apr May Jun Jul Aug Sep Oct Nov Dec
2017 > Jan Feb Mar Apr May Jun Jul Aug Sep Oct Nov Dec
2016 > Jan Feb Mar Apr May Jun Jul Aug Sep Oct Nov Dec

Report for 2022 01
                   MONTHLY CLIMATOLOGICAL SUMMARY for JAN. 2022

NAME: Arkalohori   CITY: Arkalohori   STATE: Greece 
ELEV:   395 m  LAT:  35 06' 00" N  LONG:  25 12' 00" E

                   TEMPERATURE (C), RAIN  (mm), WIND SPEED (km/hr)

                                      HEAT  COOL        AVG
    MEAN                              DEG   DEG         WIND                 DOM
DAY TEMP  HIGH   TIME   LOW    TIME   DAYS  DAYS  RAIN  SPEED HIGH   TIME    DIR
------------------------------------------------------------------------------------
 1  12.2  14.7   12:25   9.2   23:00   4.1   0.0   0.0   1.6  37.0    0:10     N
 2  12.6  14.6   12:20   9.9    2:15   4.2   0.0   0.0   6.1  40.2   11:45   NNW
 3  12.2  16.3   14:10   7.4   19:30   4.5   0.0   0.0   0.3  19.3   12:00   NNE
 4  12.7  14.4   13:00  10.1    2:15   4.1   0.0   0.0   0.5  22.5   10:00   SSE
 5  13.3  15.6   15:00  10.3    1:05   3.0   0.0   0.0   1.4  29.0   14:30   SSE
 6  12.3  14.4   14:25   9.6    2:25   4.1   0.0   0.0   0.6  20.9   12:15   SSW
 7  11.6  16.2   11:55   8.7   20:20   5.1   0.0   1.2   0.3  20.9   11:45   SSW
 8  12.7  15.8   14:35   9.5    0:05   5.6   0.0   1.0   3.4  30.6   19:50   SSE
 9   9.3  12.1    0:05   6.6   23:10   9.0   0.0  11.2   0.2  19.3    7:25   SSW
10   9.1  12.6   11:40   7.2    0:45   9.2   0.0  14.8   2.3  41.8   12:40   SSW
11   8.6  10.7   14:35   6.8   21:45   9.7   0.0  23.4   3.4  37.0   21:10   SSE
12   8.9  13.1   11:15   6.2   23:25   9.4   0.0  44.6   8.7  57.9   19:05   NNW
13   4.3   6.4    0:30   2.6   21:40  13.9   0.0  14.2  21.1  57.9    9:00     N
14   5.7   8.5   14:10   3.2    0:05  12.6   0.0   3.0  11.1  56.3   13:30     N
15   7.7  11.4   15:10   2.0    6:05  10.6   0.0   0.0   6.9  40.2   13:30     N
16   7.2   9.1   13:10   5.6   20:30  11.1   0.0   0.0  16.4  59.5   14:55     N
17   7.6  12.6   13:50   1.4    4:10  10.7   0.0   1.0   0.3  20.9    0:40   WSW
18   8.9  13.0   10:45   5.4    5:10   6.2   0.0   5.6   2.7  51.5   11:55    NW
19
20
21
22
23
24
25
26
27
28
29
30
31
-------------------------------------------------------------------------------------
     9.8  16.3     3     1.4    17   137.1   0.0 120.0   4.9  59.5    16       N

Max >=  32.0:  0
Max <=   0.0:  0
Min <=   0.0:  0
Min <= -18.0:  0
Max Rain: 44.60 ON 12/01/22
Days of Rain: 10 (> .2 mm) 7 (> 2 mm) 2 (> 20 mm)
Heat Base:  18.3  Cool Base:  18.3  Method: Integration