Select a Year or Month report
Report for 2019 Dec
MONTHLY CLIMATOLOGICAL SUMMARY for NOV. 2019
NAME: Arkalohori CITY: Arkalohori STATE: Greece
ELEV: 395 m LAT: 35 06' 00" N LONG: 25 12' 00" E
TEMPERATURE (C), RAIN (mm), WIND SPEED (km/hr)
HEAT COOL AVG
MEAN DEG DEG WIND DOM
DAY TEMP HIGH TIME LOW TIME DAYS DAYS RAIN SPEED HIGH TIME DIR
------------------------------------------------------------------------------------
1 16.5 21.0 10:40 13.7 7:10 2.1 0.3 1.8 5.1 24.1 10:40 NNE
2 16.1 18.8 12:35 14.3 1:00 2.2 0.0 0.2 9.2 29.0 13:05 NNW
3 17.2 22.6 12:35 10.9 6:35 2.0 0.9 0.0 5.6 32.2 14:05 SSW
4 18.9 22.6 13:45 15.8 1:20 0.6 1.2 0.0 8.7 35.4 11:35 SSW
5 19.4 23.1 13:50 16.4 6:40 0.3 1.5 0.0 9.5 35.4 10:30 SSW
6 19.2 23.9 12:35 15.8 6:00 0.6 1.5 0.0 9.0 30.6 9:55 SSW
7 19.3 23.3 11:20 16.3 5:50 0.5 1.5 0.0 8.4 30.6 15:00 SSW
8 19.0 23.1 12:00 13.4 00:00 0.7 1.4 0.0 9.5 38.6 12:45 SSW
9 16.7 22.4 12:20 10.5 6:35 2.5 1.0 0.6 3.1 27.4 11:40 SW
10 19.2 23.6 11:05 16.3 1:05 0.3 1.3 0.0 7.9 29.0 4:10 SW
11 19.4 23.9 12:05 15.9 5:10 0.5 1.6 0.4 8.0 32.2 11:00 SSW
12 20.8 26.2 12:45 12.2 5:30 0.6 3.1 0.0 10.5 38.6 12:55 SSW
13 16.6 21.6 6:20 12.3 20:40 2.6 0.9 43.4 6.9 57.9 11:40 SSE
14 14.3 19.7 8:10 10.2 00:00 4.2 0.2 0.2 2.4 19.3 8:20 NNE
15 14.2 20.7 8:10 9.6 1:15 4.4 0.3 0.2 1.9 19.3 10:10 N
16 14.3 19.4 9:05 9.9 00:00 4.1 0.1 0.2 4.7 27.4 5:30 NNE
17 14.7 20.6 7:55 9.3 1:45 3.8 0.2 0.0 2.1 25.7 9:15 SW
18 16.9 21.6 9:10 12.9 1:30 1.9 0.6 0.8 3.7 29.0 11:15 SSW
19 16.7 20.4 7:15 12.7 22:55 2.1 0.5 0.0 7.7 27.4 6:50 SSW
20 16.1 20.0 9:00 13.0 2:25 2.6 0.3 0.0 7.1 32.2 6:50 SSW
21 16.5 19.8 7:45 13.1 1:25 2.0 0.2 0.2 7.1 33.8 7:55 SSW
22 14.2 19.8 6:55 8.5 23:55 4.2 0.1 0.2 2.1 20.9 10:05 NNE
23 12.9 19.2 9:35 7.3 23:25 5.4 0.1 0.2 1.6 16.1 5:45 NNE
24 15.8 18.7 7:15 7.2 1:50 2.5 0.0 2.8 11.3 53.1 23:25 SSE
25 15.2 19.2 6:40 11.4 20:25 3.2 0.1 10.2 10.0 64.4 0:45 SW
26 12.7 17.8 8:10 10.2 21:15 5.6 0.0 2.8 5.5 30.6 9:15 SSW
27 12.2 17.2 8:35 7.2 21:10 6.0 0.0 0.2 3.4 27.4 7:25 NNE
28 16.0 19.3 5:20 13.4 13:05 2.4 0.1 0.0 9.0 37.0 21:05 SSW
29 14.4 19.6 3:25 7.8 21:10 4.0 0.1 0.0 6.9 35.4 0:15 SW
30 14.6 18.7 4:15 10.5 18:50 3.7 0.0 2.4 5.0 27.4 4:15 SW
-------------------------------------------------------------------------------------
16.3 26.2 12 7.2 24 77.8 19.1 66.8 6.4 64.4 25 SSW
Max >= 32.0: 0
Max <= 0.0: 0
Min <= 0.0: 0
Min <= -18.0: 0
Max Rain: 43.41 ON 13/11/19
Days of Rain: 17 (> .2 mm) 5 (> 2 mm) 1 (> 20 mm)
Heat Base: 18.3 Cool Base: 18.3 Method: Integration