Select a Year or Month report
Report for 2022 Jul
MONTHLY CLIMATOLOGICAL SUMMARY for JUL. 2022
NAME: Arkalohori CITY: Arkalohori STATE: Greece
ELEV: 395 m LAT: 35 06' 00" N LONG: 25 12' 00" E
TEMPERATURE (C), RAIN (mm), WIND SPEED (km/hr)
HEAT COOL AVG
MEAN DEG DEG WIND DOM
DAY TEMP HIGH TIME LOW TIME DAYS DAYS RAIN SPEED HIGH TIME DIR
------------------------------------------------------------------------------------
1 23.8 26.8 14:55 21.0 6:10 0.0 5.5 0.0 0.0 20.9 4:05 N
2 24.4 27.9 15:05 21.5 2:30 0.0 6.1 0.0 0.0 24.1 10:35 N
3 23.6 26.6 14:15 21.1 00:00 0.0 5.3 0.0 0.0 27.4 12:10 NNE
4 22.9 26.4 16:00 20.0 23:55 0.0 4.6 0.0 0.0 30.6 8:00 N
5 22.7 26.4 16:20 18.8 23:50 0.0 4.4 0.0 0.0 24.1 11:05 N
6 23.6 27.8 15:35 17.9 1:40 0.0 5.3 0.0 0.0 30.6 15:10 N
7 24.8 29.0 15:40 19.9 6:35 0.0 6.5 0.0 0.0 19.3 10:15 N
8 25.3 30.4 16:05 19.6 2:45 0.0 7.0 0.0 0.0 25.7 12:55 N
9 23.4 28.3 11:20 19.1 5:10 0.0 5.1 2.0 0.0 27.4 11:05 N
10 20.9 23.7 16:15 18.9 6:05 0.0 2.6 1.4 0.0 35.4 16:00 NNW
11 22.3 26.3 15:35 18.3 6:15 0.0 4.0 0.0 0.0 30.6 17:10 N
12 22.7 26.9 14:25 18.7 4:50 0.0 4.4 0.0 0.0 29.0 12:30 N
13 22.4 25.8 15:20 19.2 4:55 0.0 4.1 0.0 0.0 37.0 14:30 N
14 22.2 24.9 14:25 19.9 6:20 0.0 3.9 0.0 0.0 33.8 11:15 N
15 23.4 27.0 14:05 20.3 6:25 0.0 5.1 0.0 0.0 27.4 18:00 N
16 24.3 28.4 16:35 20.0 0:10 0.0 6.0 0.0 0.0 30.6 14:40 N
17 25.2 29.3 15:40 21.7 6:40 0.0 6.9 0.0 0.0 30.6 11:10 N
18 24.3 27.2 13:05 22.1 23:55 0.0 6.1 0.2 0.0 41.8 12:20 N
19 21.6 24.3 15:00 18.9 23:20 0.0 3.3 0.0 0.0 32.2 10:05 N
20 20.9 23.8 15:00 18.6 4:05 0.0 2.6 0.0 0.0 32.2 11:05 N
21 22.1 26.1 16:30 18.6 5:10 0.0 3.8 0.0 0.0 30.6 16:05 N
22 24.4 29.7 14:10 17.9 2:30 0.0 6.1 0.0 0.0 37.0 16:10 N
23 24.6 34.4 13:50 19.4 5:50 0.0 6.3 0.6 6.3 40.2 15:05 N
24 25.8 30.5 14:35 21.6 0:35 0.0 7.5 0.0 15.6 49.9 14:00 NNE
25 26.7 31.6 16:15 22.4 6:45 0.0 8.4 0.0 15.6 46.7 13:05 NNE
26 25.4 29.1 15:45 21.0 23:50 0.0 7.1 0.0 12.7 38.6 10:30 NNE
27 25.4 30.8 15:40 19.9 2:40 0.0 7.1 0.0 10.8 38.6 14:15 NNE
28 26.2 31.8 13:20 20.1 1:35 0.0 7.9 0.0 9.3 33.8 12:50 NNE
29 24.6 29.6 12:40 19.6 2:40 0.0 6.2 0.0 11.4 40.2 12:50 NNE
30 25.6 30.3 14:50 21.8 5:15 0.0 7.2 0.0 15.3 41.8 9:35 NNE
31 26.3 31.6 13:55 21.4 2:25 0.0 8.0 0.0 10.6 35.4 14:35 N
-------------------------------------------------------------------------------------
23.9 34.4 23 17.9 6 0.0 174.6 4.2 3.5 49.9 24 NNE
Max >= 32.0: 1
Max <= 0.0: 0
Min <= 0.0: 0
Min <= -18.0: 0
Max Rain: 2.01 ON 09/07/22
Days of Rain: 4 (> .2 mm) 1 (> 2 mm) 0 (> 20 mm)
Heat Base: 18.3 Cool Base: 18.3 Method: Integration