Select a Year or Month report
Report for 2023 Sep
MONTHLY CLIMATOLOGICAL SUMMARY for AUG. 2023
NAME: Arkalohori CITY: Arkalohori STATE: Greece
ELEV: 395 m LAT: 35 06' 00" N LONG: 25 12' 00" E
TEMPERATURE (C), RAIN (mm), WIND SPEED (km/hr)
HEAT COOL AVG
MEAN DEG DEG WIND DOM
DAY TEMP HIGH TIME LOW TIME DAYS DAYS RAIN SPEED HIGH TIME DIR
------------------------------------------------------------------------------------
1 25.8 30.7 15:10 21.1 6:25 0.0 7.5 0.0 11.7 35.4 14:20 NNE
2 26.6 34.7 15:50 18.1 5:45 0.0 8.3 0.0 4.7 25.7 11:40 NNE
3 26.7 35.0 12:55 18.2 6:45 0.0 8.4 0.0 4.0 27.4 13:50 NNE
4 26.4 35.1 12:50 16.4 6:35 0.1 8.2 0.0 4.2 25.7 13:10 NW
5 27.2 36.2 14:40 17.6 6:30 0.0 8.9 0.0 4.8 30.6 15:20 SSE
6 25.7 30.6 12:25 21.4 6:15 0.0 7.4 0.0 8.0 29.0 9:35 NNE
7 25.5 31.7 14:10 21.2 6:45 0.0 7.2 0.0 7.7 27.4 16:45 NNE
8 22.1 22.2 0:05 22.0 0:15 0.0 0.0 0.0 1.6 9.7 0:05 NW
9
10
11
12
13
14
15
16
17
18
19
20
21 24.3 27.8 18:25 21.5 00:00 0.0 1.4 0.0 8.4 30.6 19:00 NNE
22 25.6 31.5 14:20 18.3 6:20 0.0 7.2 0.0 5.6 29.0 13:20 NNE
23 25.7 34.8 13:50 16.2 6:00 0.2 7.6 0.0 3.7 25.7 13:25 NW
24 25.5 32.3 13:40 18.6 5:20 0.0 7.2 0.0 7.2 33.8 14:05 NNE
25 26.6 31.5 13:05 21.6 7:25 0.0 8.3 0.0 11.6 38.6 14:55 NNE
26 26.1 31.4 14:35 21.1 6:30 0.0 7.8 0.0 9.3 35.4 17:10 NNE
27 25.3 30.4 15:55 19.9 6:50 0.0 7.0 0.0 8.0 41.8 11:25 NNE
28 25.7 30.1 16:15 21.2 0:55 0.0 7.4 0.0 11.4 40.2 9:15 NNE
29 27.4 34.6 13:40 21.1 2:25 0.0 9.2 0.0 6.3 29.0 13:30 NNE
30 24.9 29.4 13:20 20.2 5:40 0.0 6.6 0.0 7.6 35.4 15:20 NNE
31 24.1 29.7 15:50 18.7 4:15 0.0 5.8 0.0 8.2 35.4 18:00 NNE
-------------------------------------------------------------------------------------
25.6 36.2 5 16.2 23 0.3 131.4 0.0 7.1 41.8 27 NNE
Max >= 32.0: 7
Max <= 0.0: 0
Min <= 0.0: 0
Min <= -18.0: 0
Max Rain: 0.00 ON 01/08/23
Days of Rain: 0 (> .2 mm) 0 (> 2 mm) 0 (> 20 mm)
Heat Base: 18.3 Cool Base: 18.3 Method: Integration